{"id":3400,"date":"2023-09-29T13:43:43","date_gmt":"2023-09-29T13:43:43","guid":{"rendered":"http:\/\/mec.cl\/?post_type=product&#038;p=3400"},"modified":"2023-09-29T14:06:47","modified_gmt":"2023-09-29T14:06:47","slug":"timbre-inalambrico-m180timbre","status":"publish","type":"product","link":"http:\/\/mec.cl\/web\/producto\/timbre-inalambrico-m180timbre\/","title":{"rendered":"Timbre Inal\u00e1mbrico M180"},"content":{"rendered":"<h4>Caracter\u00edsticas T\u00e9cnicas<\/h4>\n<ul>\n<li>Timbre Inal\u00e1mbrico con luz LED + Receptor<\/li>\n<li><span style=\"color: #000000;\"><strong>Frecuencia de trabajo:<\/strong><\/span> 433MHz<\/li>\n<li>Transmisor cin\u00e9tico (no necesita bater\u00edas)<\/li>\n<li><span style=\"color: #000000;\"><strong>Voltaje receptor:<\/strong><\/span> AC110-240V \/ 50-60Hz<\/li>\n<li><span style=\"color: #000000;\"><strong> Rango volumen:<\/strong> <\/span>25-85dB<\/li>\n<li><span style=\"color: #000000;\"><strong>Potencia de espera receptor:<\/strong><\/span> &lt;0,5W<\/li>\n<li><span style=\"color: #000000;\"><strong>Potencia de trabajo transmisor:<\/strong><\/span> &lt;10mW<\/li>\n<li><span style=\"color: #000000;\"><b>\u00cdndice<\/b><strong>\u00a0de protecci\u00f3n:<\/strong><\/span> IP44<\/li>\n<li>Distancia de operaci\u00f3n hasta 180m (en entorno ideal sin interferencias)<\/li>\n<li>Funci\u00f3n de c\u00f3digo de autoaprendizaje<\/li>\n<li>58 tonos para elegir<\/li>\n<li>4 niveles de volumen<\/li>\n<li><span style=\"color: #000000;\"><strong>4 modos para elegir:<\/strong><\/span> Timbre + luz intermitente \/ solo timbre \/ solo luz intermitente \/ timbre + luz permanente<\/li>\n<li>Circuito integrado con funci\u00f3n de memoria, tonos de llamada y volumen se mantienen iguales una vez apagado<\/li>\n<\/ul>\n<hr \/>\n<p><span style=\"color: #000000;\"><strong>Unidades por envase: 1<\/strong><\/span><\/p>\n","protected":false},"excerpt":{"rendered":"<h4>Timbre Inal\u00e1mbrico M180Timbre<\/h4>\n<hr \/>\n<p><span style=\"color: #000000;\"><strong>\u00a0\u00a0C\u00f3digo: 5000TI3751<\/strong><\/span><\/p>\n<hr \/>\n<p><span style=\"color: #000000;\"><em><strong>Unidades por envase: 1<\/strong><\/em><\/span><\/p>\n","protected":false},"featured_media":3396,"template":"","meta":{"site-sidebar-layout":"default","site-content-layout":"","ast-site-content-layout":"default","site-content-style":"default","site-sidebar-style":"default","ast-global-header-display":"","ast-banner-title-visibility":"","ast-main-header-display":"","ast-hfb-above-header-display":"","ast-hfb-below-header-display":"","ast-hfb-mobile-header-display":"","site-post-title":"","ast-breadcrumbs-content":"","ast-featured-img":"","footer-sml-layout":"","theme-transparent-header-meta":"default","adv-header-id-meta":"","stick-header-meta":"","header-above-stick-meta":"","header-main-stick-meta":"","header-below-stick-meta":"","astra-migrate-meta-layouts":"set","ast-page-background-enabled":"default","ast-page-background-meta":{"desktop":{"background-color":"var(--ast-global-color-4)","background-image":"","background-repeat":"repeat","background-position":"center center","background-size":"auto","background-attachment":"scroll","background-type":"","background-media":"","overlay-type":"","overlay-color":"","overlay-gradient":""},"tablet":{"background-color":"","background-image":"","background-repeat":"repeat","background-position":"center center","background-size":"auto","background-attachment":"scroll","background-type":"","background-media":"","overlay-type":"","overlay-color":"","overlay-gradient":""},"mobile":{"background-color":"","background-image":"","background-repeat":"repeat","background-position":"center center","background-size":"auto","background-attachment":"scroll","background-type":"","background-media":"","overlay-type":"","overlay-color":"","overlay-gradient":""}},"ast-content-background-meta":{"desktop":{"background-color":"var(--ast-global-color-5)","background-image":"","background-repeat":"repeat","background-position":"center center","background-size":"auto","background-attachment":"scroll","background-type":"","background-media":"","overlay-type":"","overlay-color":"","overlay-gradient":""},"tablet":{"background-color":"var(--ast-global-color-5)","background-image":"","background-repeat":"repeat","background-position":"center center","background-size":"auto","background-attachment":"scroll","background-type":"","background-media":"","overlay-type":"","overlay-color":"","overlay-gradient":""},"mobile":{"background-color":"var(--ast-global-color-5)","background-image":"","background-repeat":"repeat","background-position":"center center","background-size":"auto","background-attachment":"scroll","background-type":"","background-media":"","overlay-type":"","overlay-color":"","overlay-gradient":""}}},"product_cat":[693,72],"product_tag":[],"class_list":{"0":"post-3400","1":"product","2":"type-product","3":"status-publish","4":"has-post-thumbnail","6":"product_cat-timbres-inalambricos","7":"product_cat-temporizadores","8":"desktop-align-center","9":"tablet-align-left","10":"mobile-align-left","12":"first","13":"instock","14":"shipping-taxable","15":"purchasable","16":"product-type-simple"},"_links":{"self":[{"href":"http:\/\/mec.cl\/web\/wp-json\/wp\/v2\/product\/3400","targetHints":{"allow":["GET"]}}],"collection":[{"href":"http:\/\/mec.cl\/web\/wp-json\/wp\/v2\/product"}],"about":[{"href":"http:\/\/mec.cl\/web\/wp-json\/wp\/v2\/types\/product"}],"version-history":[{"count":0,"href":"http:\/\/mec.cl\/web\/wp-json\/wp\/v2\/product\/3400\/revisions"}],"wp:featuredmedia":[{"embeddable":true,"href":"http:\/\/mec.cl\/web\/wp-json\/wp\/v2\/media\/3396"}],"wp:attachment":[{"href":"http:\/\/mec.cl\/web\/wp-json\/wp\/v2\/media?parent=3400"}],"wp:term":[{"taxonomy":"product_cat","embeddable":true,"href":"http:\/\/mec.cl\/web\/wp-json\/wp\/v2\/product_cat?post=3400"},{"taxonomy":"product_tag","embeddable":true,"href":"http:\/\/mec.cl\/web\/wp-json\/wp\/v2\/product_tag?post=3400"}],"curies":[{"name":"wp","href":"https:\/\/api.w.org\/{rel}","templated":true}]}}